312.
2, 3, 29, 3011
What are the prime factors of 653810?
2, 5, 65381
What are the prime factors of 207487?
7, 29641
What are the prime factors of 3966407?
3966407
What are the prime factors of 669060?
2, 3, 5, 7, 59
What are the prime factors of 8025044?
2, 311, 6451
What are the prime factors of 5796017?
1453, 3989
What are the prime factors of 777525?
3, 5, 7, 1481
What are the prime factors of 369048?
2, 3, 15377
What are the prime factors of 916120?
2, 5, 37, 619
List the prime factors of 181676.
2, 11, 4129
What are the prime factors of 207958?
2, 103979
What are the prime factors of 8121907?
31, 37, 73, 97
List the prime factors of 2001944.
2, 7, 5107
What are the prime factors of 5105402?
2, 23, 41, 2707
What are the prime factors of 382645?
5, 103, 743
List the prime factors of 1532229.
3, 239, 2137
What are the prime factors of 234918?
2, 3, 31, 421
What are the prime factors of 200997?
3, 23, 971
List the prime factors of 1350010.
2, 5, 127, 1063
What are the prime factors of 549765?
3, 5, 19, 643
List the prime factors of 166756.
2, 47, 887
What are the prime factors of 120230?
2, 5, 11, 1093
List the prime factors of 7870157.
7870157
What are the prime factors of 5182352?
2, 7, 46271
List the prime factors of 11190681.
3, 73, 17033
What are the prime factors of 2202295?
5, 337, 1307
List the prime factors of 614460.
2, 3, 5, 7, 11, 19
List the prime factors of 137373.
3, 29, 1579
List the prime factors of 1787813.
23, 77731
What are the prime factors of 1071889?
7, 13, 11779
What are the prime factors of 7470066?
2, 3, 769, 1619
What are the prime factors of 93643?
11, 8513
What are the prime factors of 277960?
2, 5, 6949
List the prime factors of 8909717.
17, 23, 22787
What are the prime factors of 120017?
120017
What are the prime factors of 1301498?
2, 11, 59159
What are the prime factors of 25239332?
2, 31, 89, 2287
What are the prime factors of 6035087?
6035087
List the prime factors of 449532.
2, 3, 12487
List the prime factors of 1214270.
2, 5, 31, 3917
List the prime factors of 2044864.
2, 89, 359
List the prime factors of 10035650.
2, 5, 200713
List the prime factors of 4036055.
5, 17, 103, 461
What are the prime factors of 7748280?
2, 3, 5, 21523
List the prime factors of 327908.
2, 7, 239
List the prime factors of 97078.
2, 48539
List the prime factors of 503481.
3, 11, 19, 73
List the prime factors of 543387.
3, 13, 13933
What are the prime factors of 324230?
2, 5, 32423
List the prime factors of 2503753.
7, 37, 1381
List the prime factors of 1529104.
2, 95569
What are the prime factors of 2925589?
1567, 1867
List the prime factors of 279652.
2, 151, 463
What are the prime factors of 564684?
2, 3, 47057
What are the prime factors of 17270268?
2, 3, 37, 97, 401
List the prime factors of 95563.
13, 7351
What are the prime factors of 15672738?
2, 3, 2612123
List the prime factors of 134389.
23, 5843
List the prime factors of 394598.
2, 197299
List the prime factors of 240352.
2, 7, 29, 37
What are the prime factors of 358798?
2, 11, 47, 347
What are the prime factors of 2981147?
13, 43, 5333
List the prime factors of 169939.
7, 11, 2207
List the prime factors of 672943.
672943
What are the prime factors of 975993?
3, 263, 1237
What are the prime factors of 187335?
3, 5, 23, 181
What are the prime factors of 1352075?
5, 54083
What are the prime factors of 170554?
2, 53, 1609
List the prime factors of 18553436.
2, 11, 71, 5939
What are the prime factors of 3623043?
3, 1207681
What are the prime factors of 209486?
2, 104743
What are the prime factors of 5800855?
5, 113, 10267
List the prime factors of 1501213.
7, 30637
What are the prime factors of 9141837?
3, 1361, 2239
List the prime factors of 4800430.
2, 5, 480043
List the prime factors of 146725.
5, 5869
What are the prime factors of 1645216?
2, 51413
List the prime factors of 782542.
2, 521, 751
What are the prime factors of 217906?
2, 13, 17, 29
List the prime factors of 4912816.
2, 47, 139
What are the prime factors of 335726?
2, 167863
List the prime factors of 2738354.
2, 29, 31, 1523
What are the prime factors of 10600681?
7, 13, 116491
What are the prime factors of 20135184?
2, 3, 419483
What are the prime factors of 8458923?
3, 11, 29, 8839
What are the prime factors of 1477084?
2, 7, 71, 743
List the prime factors of 198102.
2, 3, 137, 241
List the prime factors of 10297737.
3, 1144193
What are the prime factors of 142748?
2, 127, 281
List the prime factors of 7384499.
47, 59, 2663
List the prime factors of 272651.
272651
List the prime factors of 403243.
403243
List the prime factors of 9904835.
5, 23, 43, 2003
List the prime factors of 283779.
3, 31531
List the prime factors of 222012.
2, 3, 7, 881
What are the prime factors of 66055?
5, 11, 1201
List the prime factors of 44575489.
7, 31, 205417
List the prime factors of 3741712.
2, 13, 17989
What are the prime factors of 317003?
317003
List the prime factors of 3908967.
3, 223, 5843
List the prime factors of 9132159.
3, 373, 8161
What are the prime factors of 4042800?
2, 3, 5, 1123
What are the prime factors of 5991216?
2, 3, 7, 11, 1621
What are the prime factors of 488992?
2, 7, 37, 59
What are the prime factors of 4690364?
2, 7, 127, 1319
What are the prime factors of 38597832?
2, 3, 7, 13, 43, 137
What are the prime factors of 2157212?
2, 539303
What are the prime factors of 1634962?
2, 7, 29, 4027
List the prime factors of 735334.
2, 337, 1091
What are the prime factors of 10897687?
10897687
What are the prime factors of 694044?
2, 3, 13, 1483
List the prime factors of 5852377.
5852377
List the prime factors of 1297652.
2, 53, 6121
What are the prime factors of 351588?
2, 3, 83, 353
What are the prime factors of 4029705?
3, 5, 149, 601
What are the prime factors of 38571572?
2, 13, 17, 43633
List the prime factors of 38674.
2, 61, 317
What are the prime factors of 10735159?
10735159
List the prime factors of 12670432.
2, 61, 6491
What are the prime factors of 18305149?
71, 311, 829
What are the prime factors of 702847?
702847
List the prime factors of 2741264.
2, 171329
What are the prime factors of 85685?
5, 17137
What are the prime factors of 6238409?
31, 61, 3299
What are the prime factors of 1308455?
5, 101, 2591
What are the prime factors of 11455403?
23, 498061
What are the prime factors of 14643156?
2, 3, 11, 110933
What are the prime factors of 11288322?
2, 3, 23227
What are the prime factors of 16524890?
2, 5, 1652489
List the prime factors of 192709.
11, 17519
List the prime factors of 13709.
13709
List the prime factors of 724069.
67, 101, 107
List the prime factors of 2105425.
5, 7, 53, 227
List the prime factors of 1400675.
5, 179, 313
List the prime factors of 2681517.
3, 893839
List the prime factors of 2573292.
2, 3, 43, 4987
What are the prime factors of 2164721?
13, 12809
List the prime factors of 3704200.
2, 5, 18521
What are the prime factors of 1848768?
2, 3, 9629
List the prime factors of 3703011.
3, 13, 94949
List the prime factors of 10651391.
10651391
What are the prime factors of 3075968?
2, 7, 3433
List the prime factors of 2350360.
2, 5, 67, 877
List the prime factors of 9374513.
563, 16651
What are the prime factors of 9944?
2, 11, 113
What are the prime factors of 492311?
31, 15881
What are the prime factors of 473049?
3, 52561
List the prime factors of 13029342.
2, 3, 2171557
What are the prime factors of 9110317?
17, 419, 1279
What are the prime factors of 693425?
5, 27737
List the prime factors of 579117.
3, 7, 11, 23, 109
What are the prime factors of 138305?
5, 139, 199
List the prime factors of 1204986.
2, 3, 47, 4273
List the prime factors of 12165797.
7, 457, 3803
List the prime factors of 1073011.
41, 26171
List the prime factors of 4549977.
3, 83, 6091
List the prime factors of 22937217.
3, 7645739
What are the prime factors of 8219729?
7, 1174247
List the prime factors of 36860762.
2, 509, 36209
What are the prime factors of 15756?
2, 3, 13, 101
What are the prime factors of 9414871?
41, 229631
What are the prime factors of 6905605?
5, 7, 191, 1033
List the prime factors of 31251889.
223, 140143
List the prime factors of 64297.
113, 569
List the prime factors of 21891744.
2, 3, 7, 10859
List the prime factors of 210177.
3, 11, 193
List the prime factors of 2